. List the prime factors of h.
83
Let s(a) = 2*a**2 - 6*a - 6. Let y be s(5). Let u be (3/6)/(3/(-18)). Let n = y + u. List the prime factors of n.
11
Let d(s) = -s**2 - 12*s + 14. Let a be d(-13). List the prime factors of (-1 - 0)*a*-2.
2
Let u(p) = p + 18. Let f be u(-10). Suppose 0 = 4*h - f*h + 176. What are the prime factors of h?
2, 11
Let v be (68/28 + -3)*-7. Suppose -5*o - 4*h + 180 = 0, -o - 2*o = -v*h - 76. List the prime factors of o.
2
Let d be (-2 + 1)/((-2)/18). Suppose 0 = -5*z + d*z - 56. List the prime factors of z.
2, 7
Let g(m) = -m**2 + 3*m + 2. Let b be g(3). List the prime factors of 189/18*(0 + b).
3, 7
Let j(b) = -b**3 + 14*b**2 - 5*b - 27. What are the prime factors of j(13)?
7, 11
Suppose -d = -5*d + 4. Suppose -5*l + d = g, -4*g - l = -4*l - 96. List the prime factors of g.
3, 7
Let d(j) = 12 + j - 14 + 0*j + 2*j. Let q(g) = g**2 + 3*g + 1. Let o be q(-4). List the prime factors of d(o).
13
What are the prime factors of 1/6 - (-2750)/132?
3, 7
List the prime factors of (38/(-5))/((-1)/5).
2, 19
Suppose c - 19 = -3*z, 3*z + 27 = 5*c + z. Let l be 2/2*(-4)/1. Let n = l + c. List the prime factors of n.
3
Suppose -4*z = -5*z - 2*j + 14, -28 = -2*z - 2*j. Suppose 0 = -0*m + 3*m + 4*t + z, m = -t - 4. What are the prime factors of (-38)/(-5) - m/5?
2
Suppose 0 = -153*x + 149*x + 348. What are the prime factors of x?
3, 29
Suppose -s = -2*s + 90. List the prime factors of s.
2, 3, 5
Let c = -3 + 7. Suppose -c*n + 0*n - 2*f = -2, 0 = -n + 4*f + 14. Suppose 2*l - 20 = -n*l. What are the prime factors of l?
5
Suppose l - 364 - 8 = 0. What are the prime factors of (l/(-18))/((-4)/6)?
31
Let c = 131 - 67. What are the prime factors of c?
2
Let n be (-1 + (-2)/(-6))*3. Let a = 2 + n. Suppose 2*o = 3*m - 27, a*o - 5*o + 36 = 4*m. List the prime factors of m.
3
Let v = 92 + -21. List the prime factors of v.
71
Suppose 7 = g + a, -4*a = g - 6*a - 4. Suppose -27 = -g*b + 3*b. List the prime factors of b.
3
Let h(j) = j**2 + j + 2. Let i be h(0). Suppose -8 = -3*n + i*l + 8, n - 12 = 4*l. List the prime factors of n.
2
Let p = 1 + 4. Suppose -17 = -2*z - p. Let k = z - -3. What are the prime factors of k?
3
Let o be 10 + -1 - (-3 - -1). Let a = -31 + o. Let u = -14 - a. What are the prime factors of u?
2, 3
Suppose -3*y = 5*y - 72. List the prime factors of y.
3
Let y be 2/5 - (-258)/30. Let n be (9/(-6))/(y/(-24)). Suppose -n*h + 14 = -30. What are the prime factors of h?
11
Suppose -3*n - 1 = 59. What are the prime factors of 103/5 + (-8)/n?
3, 7
What are the prime factors of ((-4)/(-5))/(5/700)?
2, 7
What are the prime factors of 366/3 + -3 - -3?
2, 61
Suppose -3*f + 1 = 4, q = -5*f. Suppose 0 = -2*s + 3*a + a + 2, q = -3*s - 2*a. Let d = s - -21. What are the prime factors of d?
2, 5
Let b = 2 - 2. Suppose b*l = l - 5. List the prime factors of l.
5
Suppose 0 = 5*g - 2*z - 7, 0 = 3*z - z + 2. Let h be 1*-1 - (g + -2). Suppose 3*q - q - 12 = h. List the prime factors of q.
2, 3
Suppose -5*c + 17 = 3*l, -23 = -5*l + 4*c - 7. Suppose 3 = -l*m + 11. Suppose 3*q + 4*v + 8 - 29 = 0, -5*q + m*v + 9 = 0. List the prime factors of q.
3
Let g(u) = 9*u - 6. What are the prime factors of g(9)?
3, 5
Let o = 204 - 51. What are the prime factors of o?
3, 17
Let o(c) = -9*c - 56. List the prime factors of o(-14).
2, 5, 7
Let q(x) = -49*x**3 + 2*x + 1. List the prime factors of q(-1).
2, 3
Suppose 4*h - 7*h + 39 = 0. What are the prime factors of h?
13
Suppose 3*f - 4*f + 6 = 0. Suppose 5*v - 36 + f = 0. What are the prime factors of v?
2, 3
Let w be (-1 + 25)*8/3. Suppose 31 = 2*a - g + 6, -5*a + w = -2*g. What are the prime factors of a?
2, 7
Suppose -3*c - 3*n - 228 = -7*c, -164 = -3*c + 4*n. What are the prime factors of c?
2, 3, 5
Suppose 187*i - 530 = 185*i. List the prime factors of i.
5, 53
Suppose -n = -2*c + 122, -93 = -5*c + n + 212. What are the prime factors of c?
61
Let w(f) = 2*f + 1. Let q be w(-3). Let z(a) = a**2 + a + 1. List the prime factors of z(q).
3, 7
List the prime factors of 1*(4 + 7 - -2).
13
Suppose 16*x - 213 = 15*x. List the prime factors of x.
3, 71
Let l(u) = u + 10. Let t be l(-8). Suppose h = t*h - 12. What are the prime factors of h?
2, 3
Let j(a) be the first derivative of a**2 - 10*a + 7. Let q be ((-14)/(-4))/(2/4). What are the prime factors of j(q)?
2
Let a(c) = -c**2 - 2*c. Let v be a(-2). Let p(t) = t + t**2 + 9*t + v*t - 2. What are the prime factors of p(-11)?
3
Let a be (-3 + 5)*(-10)/(-4). Let p = 58 - 24. Suppose -5*u = -4*b + 2*b - p, 20 = a*u + 5*b. List the prime factors of u.
2, 3
Let u(d) = -10*d - 1. List the prime factors of u(-4).
3, 13
Let r(w) = w**2 + 14*w. Let c be r(-14). Suppose -5*l - 31 = -2*i, -4*i + 74 = 2*l - c*l. What are the prime factors of i?
2, 3
Let p = -67 - -101. List the prime factors of p.
2, 17
Suppose -x - 915 = -5*g - 2*x, -5*g + x + 925 = 0. What are the prime factors of g?
2, 23
Let s be 3*(32/(-6))/(-2). Let k(z) = z**2 - 8*z - 2. Let t be k(s). What are the prime factors of ((-2)/3)/(t/27)?
3
Let h(p) = p**3 + 21*p**2 - 3*p + 22. What are the prime factors of h(-21)?
5, 17
Suppose 9*r = 8*r + 56. List the prime factors of r.
2, 7
Let g(p) be the third derivative of p**5/60 + p**4/24 - p**3/3 + 13*p**2. Suppose 0*t + 4 = 2*t. List the prime factors of g(t).
2
Suppose 4*y + 15 - 259 = 0. Suppose -5*m + d + 2*d = -y, -3*m = -d - 39. List the prime factors of m.
2, 7
Let a = 7 - 0. Let o = -3 + a. List the prime factors of o.
2
Let a = 97 - 66. List the prime factors of a.
31
Let y(m) = -m + 12. Let s = -15 - -5. What are the prime factors of y(s)?
2, 11
Let j(k) = -3*k**2 + 0*k**2 - k + 1 + 1 + 2*k**3. Let p be j(2). Suppose 17 = p*i - 27. What are the prime factors of i?
11
Let g(f) be the second derivative of -f**3/2 - 7*f**2/2 + 4*f. Let c be g(5). List the prime factors of 0*1/(-2) - c.
2, 11
Let c = 0 - 0. Let b be 2 - ((-2 - -2) + c). Suppose 3*s - 5*w = 38, -4*s + b*w + 0*w + 32 = 0. What are the prime factors of s?
2, 3
List the prime factors of 7 - (-2 + 0 + (-1 - -2)).
2
Let a be (-22)/5 - 8/(-20). Let m = 5 - a. What are the prime factors of m?
3
Suppose -18 - 24 = 2*b. Suppose 45 = -3*x - 2*u, -16 = 2*x + u + 14. Let s = x - b. List the prime factors of s.
2, 3
Let m(r) = 8*r - 10. Let i be m(4). Let f = i + -1. What are the prime factors of f?
3, 7
Let g = -39 + 141. Let d = g - 71. What are the prime factors of d?
31
Let f(w) = 2*w**2 + 4*w - 16. What are the prime factors of f(6)?
2, 5
List the prime factors of -3 - -51 - (-1 - -1).
2, 3
Let n(i) = 8*i**2 + i + 1. Let s be n(-1). Let g(t) = t**2 + 23*t + 16. Let d be g(-22). Let o = s + d. What are the prime factors of o?
2
Suppose 21 = 3*l - 159. Let t be ((-8)/(-10))/2*l. Let d = t - 9. What are the prime factors of d?
3, 5
Suppose 2*u + 15 = 5*u. Suppose -2*h + u + 9 = 0. List the prime factors of h.
7
Let x = 37 + -1. Let c = 5 + -3. What are the prime factors of (1/2)/(c/x)?
3
Let q be 14/3 + (-2)/3. Suppose -4*p + 4 = -q. What are the prime factors of p?
2
Let h = 1 - 2. Let r(p) = 12*p**2 + p + 1. List the prime factors of r(h).
2, 3
Let r(k) = 4*k - 2. Let n be r(1). Let g = n + 3. What are the prime factors of g?
5
Let d(q) = q + 35. Let h be d(0). Suppose -1491 = 6*g - 3*g. List the prime factors of 1/(-5) - g/h.
2, 7
List the prime factors of 972/22 - 6/33.
2, 11
Let j be ((-6)/(-3))/((-2)/(-10)). Suppose -4*v + j = -22. List the prime factors of v.
2
Let w(n) = 2*n**2 - 7*n + 1. Suppose 5*g = -z + 29, -18 = 3*g + 5*z - 53. List the prime factors of w(g).
2
Suppose -3*n = -2*k + 579, 5*k - 212 - 1219 = 2*n. List the prime factors of k.
3, 5, 19
Let b = 40 + 101. List the prime factors of b.
3, 47
Suppose -5*i = y + 4*y - 30, 5*y = 5*i. Let z = 0 + 0. Suppose -5*r - 3*d = -z*d - 8, -r - y*d = 8. What are the prime factors of r?
2
Suppose -o = -2*s - 62, -38 = -2*o - 5*s + 95. List the prime factors of o.
2
Let t = 299 + -162. What are the prime factors of t?
137
Let w be (-8)/3*3/2. What are the prime factors of (22/w)/((-6)/12)?
11
Let l = 22 - 2. Let d = l + -8. What are the prime factors of d?
2, 3
Let u be (-1)/((-1 - -2)*-1). Let k be (-1 - (-3)/u)/1. Let c = k - -7. List the prime factors of c.
3
Let h(t) be the first derivative of 3/2*t**2 - 3*t + 1. What are the prime factors o